se 10.
320
Convert -11011100101011 (base 2) to base 7.
-56114
Convert 1001202112 (base 3) to base 13.
970a
3221 (base 5) to base 4
12310
What is 2102 (base 5) in base 3?
101021
Convert -203523 (base 6) to base 11.
-11355
What is -9911 (base 11) in base 10?
-13080
2334 (base 5) to base 16
158
-aa38 (base 11) to base 14
-5441
What is -21220120 (base 3) in base 11?
-4372
-da6 (base 14) to base 4
-222012
What is -1a027 (base 11) in base 12?
-14238
What is -10011001 (base 2) in base 4?
-2121
10132213 (base 4) to base 8
43647
2077 (base 8) to base 12
767
What is 1686 (base 10) in base 9?
2273
94 (base 10) to base 6
234
-5705 (base 9) to base 3
-12210012
Convert 29a (base 11) to base 3.
111000
What is 6635 (base 8) in base 11?
2689
-418 (base 10) to base 16
-1a2
What is 18750 (base 12) in base 6?
432540
Convert -1221 (base 8) to base 5.
-10112
Convert 25 (base 10) to base 13.
1c
Convert be1b (base 15) to base 3.
2001021122
-1002102 (base 3) to base 11
-662
-10110111101101 (base 2) to base 8
-26755
40433 (base 9) to base 15
7d33
1b8 (base 12) to base 10
284
1304 (base 14) to base 9
4516
Convert 661 (base 10) to base 13.
3bb
8273 (base 14) to base 2
101011110101101
-1100100111010 (base 2) to base 4
-1210322
Convert 3097 (base 12) to base 10.
5299
Convert 1101111010111 (base 2) to base 14.
2851
1457 (base 8) to base 10
815
-1012020 (base 3) to base 5
-11440
-16a25 (base 11) to base 6
-302252
156207 (base 8) to base 12
28807
Convert -2354 (base 8) to base 16.
-4ec
What is -cd6b (base 14) in base 7?
-205464
831 (base 10) to base 16
33f
What is -112432 (base 5) in base 6?
-31021
Convert -39 (base 16) to base 5.
-212
What is -28a2 (base 12) in base 15?
-1605
Convert 771 (base 14) to base 11.
1118
Convert 534 (base 14) to base 6.
4430
430304 (base 6) to base 11
24413
Convert 1353 (base 16) to base 9.
6706
Convert -2101 (base 4) to base 6.
-401
What is -1aec (base 16) in base 14?
-2724
Convert 3560 (base 7) to base 11.
a97
-1123300 (base 4) to base 7
-23056
Convert 615 (base 9) to base 5.
4000
Convert 35143 (base 7) to base 15.
29ed
Convert 3222 (base 4) to base 5.
1414
What is -1707a (base 11) in base 7?
-130050
What is d09 (base 15) in base 9?
4020
Convert -1345 (base 9) to base 14.
-525
Convert 4708 (base 12) to base 6.
100412
What is 554 (base 10) in base 16?
22a
What is 1a3 (base 11) in base 13?
150
What is -10302 (base 4) in base 16?
-132
-17428 (base 9) to base 10
-12014
What is 161a (base 13) in base 15?
e59
d0e (base 15) to base 2
101101111011
What is 32372 (base 8) in base 12?
7a22
-522321 (base 6) to base 11
-29635
Convert 3760 (base 8) to base 2.
11111110000
What is -1002 (base 3) in base 5?
-104
What is -112211 (base 3) in base 5?
-3100
What is -b14 (base 12) in base 9?
-2167
What is 222202000 (base 3) in base 11?
13712
Convert -5734 (base 16) to base 3.
-1010121211
-10765 (base 11) to base 14
-5955
What is -1020000 (base 3) in base 13?
-537
Convert -2651 (base 10) to base 14.
-d75
-3baa (base 13) to base 15
-282a
-40a7 (base 15) to base 12
-7aa1
Convert 41908 (base 12) to base 10.
85976
What is 2233 (base 7) in base 16?
328
-1522 (base 9) to base 12
-802
Convert -317 (base 12) to base 11.
-380
What is 1302 (base 12) in base 11?
1696
What is -31c (base 13) in base 11?
-444
Convert 3200200 (base 4) to base 7.
56614
What is -35d (base 16) in base 7?
-2340
What is -2504 (base 6) in base 12?
-434
What is -1001011100 (base 2) in base 16?
-25c
-18cb (base 16) to base 6
-45215
What is 2355 (base 6) in base 2?
1000111111
15827 (base 11) to base 7
121665
-1101000101111 (base 2) to base 6
-51011
Convert 770 (base 8) to base 13.
2ca
-156316 (base 7) to base 12
-15b5a
260264 (base 7) to base 12
23a58
What is -13bb (base 15) in base 6?
-31322
Convert 16241 (base 7) to base 14.
1958
What is 367 (base 13) in base 5?
4332
-139a1 (base 13) to base 4
-20333010
41020 (base 6) to base 3
21102110
Convert 24011 (base 5) to base 8.
3334
What is -1189 (base 10) in base 11?
-991
Convert -5552 (base 9) to base 2.
-1000000000001
Convert -3379 (base 14) to base 4.
-2023133
Convert 146 (base 12) to base 13.
123
-96d7 (base 16) to base 13
-14765
What is 10503 (base 15) in base 3?
2121222210
What is -3aa5 (base 11) in base 8?
-12306
Convert d3 (base 14) to base 5.
1220
What is -2205 (base 12) in base 11?
-28a9
What is 2033 (base 6) in base 4?
13011
-b01 (base 12) to base 16
-631
-2856 (base 9) to base 8
-4155
What is -210035 (base 6) in base 3?
-212010212
b68 (base 12) to base 7
4565
Convert -50463 (base 8) to base 9.
-31456
Convert -603 (base 10) to base 16.
-25b
-1022112111 (base 3) to base 11
-18511
348 (base 10) to base 14
1ac
1001100011 (base 2) to base 15
2ab
1212 (base 4) to base 3
10210
What is 20341 (base 5) in base 14?
6c2
2236 (base 8) to base 6
5250
Convert -3735 (base 9) to base 2.
-101011100010
Convert -2c1 (base 14) to base 10.
-561
6485 (base 16) to base 4
12102011
What is -46 (base 13) in base 6?
-134
What is -10 (base 16) in base 8?
-20
What is 233042 (base 5) in base 8?
20512
Convert -919 (base 10) to base 4.
-32113
Convert 95 (base 15) to base 7.
260
Convert -222245 (base 6) to base 9.
-27552
What is 1000111100110 (base 2) in base 16?
11e6
Convert -40c (base 15) to base 11.
-75a
Convert -775 (base 12) to base 10.
-1097
What is 10202 (base 5) in base 13?
401
6326 (base 8) to base 10
3286
What is 26727 (base 9) in base 15?
555d
ee (base 15) to base 12
168
What is -294 (base 10) in base 14?
-170
What is 4f9 (base 16) in base 11?
a58
Convert 211110202 (base 3) to base 8.
37776
Convert -225 (base 12) to base 16.
-13d
What is 10111110001001 (base 2) in base 6?
132201
685 (base 10) to base 4
22231
What is 52436 (base 9) in base 15?
a3d0
-30216 (base 7) to base 10
-7314
Convert 23014 (base 6) to base 16.
cb2
What is 58c5 (base 14) in base 10?
15461
-1071 (base 9) to base 2
-1100011001
-5350 (base 7) to base 4
-131221
-77e (base 15) to base 11
-1300
Convert 6378 (base 14) to base 9.
25474
What is -676 (base 8) in base 4?
-12332
2153 (base 8) to base 15
506
Convert 1503 (base 9) to base 8.
2161
What is -15155 (base 6) in base 2?
-100110001111
Convert -3223200 (base 4) to base 7.
-61641
Convert 6179 (base 14) to base 4.
10011333
What is -30313230 (base 4) in base 7?
-306456
6a (base 15) to base 11
91
What is -100332 (base 4) in base 7?
-3111
-7881 (base 9) to base 12
-3454
What is 1036 (base 9) in base 5?
11022
-10430 (base 6) to base 13
-882
Convert 7764 (base 9) to base 13.
27b8
86a9 (base 12) to base 15
45cc
What is -383 (base 10) in base 12?
-27b
-142446 (base 8) to base 13
-19c84
Convert -119a (base 12) to base 9.
-2651
350 (base 11) to base 7
1135
Convert -1003133 (base 4) to base 8.
-10337
-1714 (base 12) to base 9
-3687
What is -2130210 (base 4) in base 7?
-41133
What is 92 (base 16) in base 10?
146
What is a4d (base 14) in base 6?
13221
Convert 89b1 (base 14) to base 2.
101110100111111
Convert 5420 (base 8) to base 9.
3786
Convert 2174 (base 15) to base 12.
4124
What is 1d02 (base 15) in base 10?
6302
Convert -3023 (base 6) to base 10.
-663
1010 (base 14) to base 16
ac6
-1020101 (base 3) to base 13
-544
What is -212121 (base 4) in base 3?
-10101000
58a (base 14) to base 8
2116
What is a55 (base 11) in base 6?
5514
Convert 4197 (base 16) to base 5.
1014131
10530 (base 7) to base 6
20203
What is -15664 (base 8) in base 16?
-1bb4
What is -1938 (base 16) in base 12?
-38a0
330122 (base 4) to base 10
3866
54aa (base 15) to base 10
17935
1125 (base 8) to base 12
419
Convert -122351 (base 7) to base 10.
-22478
Convert 340014 (base 7) to base 3.
10001100120
Convert -503 (base 7) to base 16.
-f8
What is 2142 (base 6) in base 9?
608
Convert 3537 (base 12) to base 13.
2926
21203 (base 5) to base 3
1221220
Convert -35bd (base 16) to base 15.
-4122
-b60 (base 15) to base 8
-5005
10111100 (base 2) to base 3
20222
-17352 (base 9) to base 5
-340304
1113332 (base 4) to base 5
140010
What is -1000011 (base 2) in base 13?
-52
8107 (base 10) to base 13
38c8
What is 202d (base 16) in base 3?
102022002
What is -20020012 (base 3) in base 4?
-1012331
What is -53f (base 16) in base 6?
-10115
Convert -691 (base 15) to base 10.
-1486
What is 392 (base 11) in base 15?
20e
Convert 4021 (base 6) to base 13.
526
-21210 (base 3) to base 5
-1320
14543 (base 7) to base 11
3051
What is 101